 common factor of 14 and 2086?
14
What is the greatest common divisor of 3102 and 1692?
282
Calculate the greatest common divisor of 34 and 714.
34
Calculate the greatest common divisor of 2570 and 10.
10
What is the highest common divisor of 3 and 372?
3
What is the greatest common divisor of 4209 and 69?
69
What is the highest common factor of 28 and 826?
14
Calculate the highest common divisor of 22 and 396.
22
Calculate the greatest common divisor of 648 and 72.
72
Calculate the highest common divisor of 165 and 33.
33
Calculate the highest common divisor of 43851 and 282.
141
What is the greatest common factor of 6554 and 113?
113
What is the greatest common factor of 57 and 17?
1
Calculate the highest common divisor of 1 and 5.
1
What is the greatest common factor of 33 and 462?
33
What is the highest common divisor of 60 and 36?
12
What is the highest common divisor of 2915 and 55?
55
Calculate the highest common factor of 91 and 52.
13
Calculate the highest common factor of 3440 and 144.
16
Calculate the greatest common divisor of 410 and 10.
10
Calculate the highest common divisor of 231 and 37961.
77
Calculate the highest common divisor of 258 and 6.
6
What is the highest common divisor of 13 and 208?
13
Calculate the greatest common factor of 104 and 64.
8
Calculate the greatest common factor of 636 and 12.
12
What is the highest common factor of 3324 and 12?
12
Calculate the greatest common divisor of 51 and 51.
51
What is the highest common factor of 18 and 36?
18
Calculate the highest common divisor of 14 and 4207.
7
What is the greatest common factor of 142 and 1775?
71
Calculate the greatest common factor of 42 and 798.
42
Calculate the highest common factor of 296 and 36852.
148
Calculate the greatest common divisor of 407 and 33.
11
Calculate the highest common factor of 4 and 2.
2
What is the highest common divisor of 911 and 5?
1
Calculate the highest common factor of 1424 and 445.
89
Calculate the greatest common factor of 78 and 1053.
39
What is the highest common factor of 5837 and 39?
13
Calculate the highest common factor of 15 and 345.
15
Calculate the highest common divisor of 42 and 300.
6
What is the highest common divisor of 1184 and 111?
37
What is the highest common factor of 2875 and 920?
115
What is the greatest common factor of 14 and 24458?
14
What is the highest common factor of 111 and 6549?
111
What is the highest common factor of 2387 and 77?
77
What is the highest common divisor of 24 and 66?
6
What is the greatest common factor of 1320 and 12210?
330
What is the highest common divisor of 96 and 6576?
48
Calculate the highest common divisor of 140 and 35.
35
Calculate the greatest common divisor of 630 and 9940.
70
Calculate the greatest common factor of 138 and 1472.
46
Calculate the highest common divisor of 30473 and 31.
31
What is the greatest common factor of 700 and 320?
20
Calculate the greatest common divisor of 29 and 7801.
29
Calculate the highest common factor of 216 and 8.
8
What is the greatest common divisor of 2 and 4?
2
Calculate the greatest common divisor of 494 and 52.
26
What is the highest common divisor of 1695 and 2147?
113
What is the greatest common divisor of 232 and 1566?
58
Calculate the greatest common divisor of 36 and 488.
4
What is the highest common factor of 483 and 35?
7
Calculate the highest common divisor of 24 and 7608.
24
Calculate the greatest common factor of 609 and 9.
3
What is the highest common divisor of 480 and 435?
15
Calculate the highest common factor of 14782 and 38.
38
Calculate the greatest common divisor of 696 and 216.
24
What is the highest common divisor of 990 and 627?
33
What is the highest common factor of 280 and 105?
35
Calculate the highest common factor of 50 and 2.
2
Calculate the greatest common divisor of 1426 and 124.
62
What is the greatest common factor of 28 and 266?
14
What is the highest common divisor of 16 and 64?
16
What is the greatest common factor of 28 and 350?
14
Calculate the greatest common divisor of 144 and 180.
36
Calculate the highest common factor of 88 and 1512.
8
What is the highest common factor of 18 and 486?
18
Calculate the greatest common divisor of 10768 and 64.
16
What is the highest common factor of 972 and 180?
36
Calculate the greatest common factor of 70 and 95.
5
What is the greatest common factor of 1053 and 504?
9
What is the highest common factor of 36 and 1476?
36
What is the greatest common factor of 2 and 1753?
1
Calculate the greatest common factor of 548 and 64.
4
What is the highest common factor of 75 and 5475?
75
Calculate the greatest common divisor of 98 and 70.
14
What is the highest common divisor of 1844 and 4?
4
What is the highest common divisor of 527 and 51?
17
Calculate the highest common factor of 9588 and 102.
102
What is the greatest common factor of 8107 and 121?
121
What is the highest common divisor of 40 and 1730?
10
Calculate the highest common divisor of 4131 and 17.
17
What is the highest common divisor of 3861 and 26?
13
What is the highest common divisor of 1398 and 6?
6
Calculate the greatest common divisor of 800 and 25.
25
Calculate the highest common divisor of 161 and 69.
23
Calculate the highest common divisor of 300 and 24.
12
Calculate the highest common divisor of 92 and 161.
23
Calculate the highest common divisor of 19 and 38551.
19
What is the highest common divisor of 506 and 46?
46
Calculate the greatest common divisor of 22 and 77.
11
What is the highest common divisor of 18 and 18?
18
What is the greatest common factor of 9 and 39690?
9
Calculate the greatest common divisor of 81 and 36.
9
What is the greatest common divisor of 822 and 3?
3
Calculate the greatest common factor of 2628 and 450.
18
What is the greatest common factor of 7956 and 624?
156
What is the highest common factor of 55 and 550?
55
Calculate the highest common factor of 21 and 189.
21
What is the greatest common factor of 287 and 123?
41
What is the greatest common divisor of 1235 and 950?
95
Calculate the highest common divisor of 28 and 364.
28
What is the highest common divisor of 384 and 1968?
48
What is the greatest common divisor of 1665 and 5217?
111
Calculate the greatest common factor of 5848 and 272.
136
Calculate the greatest common factor of 274 and 959.
137
What is the highest common factor of 765 and 405?
45
Calculate the greatest common divisor of 2523 and 174.
87
What is the greatest common divisor of 1552 and 97?
97
Calculate the greatest common factor of 32 and 7.
1
What is the highest common divisor of 12634 and 2?
2
Calculate the greatest common divisor of 75 and 175.
25
What is the greatest common factor of 64 and 1216?
64
What is the highest common divisor of 56 and 208?
8
What is the greatest common factor of 10016 and 32?
32
Calculate the greatest common factor of 84 and 546.
42
What is the highest common factor of 33 and 121?
11
Calculate the greatest common divisor of 2 and 1154.
2
What is the greatest common divisor of 3523 and 26?
13
Calculate the greatest common factor of 27 and 50193.
27
What is the greatest common divisor of 375 and 630?
15
What is the highest common factor of 100 and 575?
25
What is the highest common divisor of 4 and 107?
1
Calculate the highest common divisor of 76 and 114.
38
What is the highest common factor of 14 and 329?
7
Calculate the highest common factor of 12 and 2916.
12
Calculate the greatest common factor of 1248 and 9672.
312
Calculate the highest common factor of 186 and 24.
6
Calculate the greatest common divisor of 608 and 32.
32
What is the greatest common divisor of 770 and 560?
70
What is the greatest common divisor of 240 and 560?
80
What is the highest common factor of 62 and 2?
2
What is the greatest common factor of 260 and 640?
20
What is the greatest common factor of 60 and 1140?
60
Calculate the highest common divisor of 1743 and 415.
83
What is the highest common divisor of 385 and 11?
11
What is the highest common divisor of 1184 and 185?
37
What is the greatest common factor of 25093 and 23?
23
Calculate the greatest common factor of 77 and 22.
11
Calculate the greatest common divisor of 1098 and 18.
18
Calculate the greatest common divisor of 18 and 42.
6
Calculate the greatest common factor of 140 a